73 a prime number?
False
Is 314927677 prime?
False
Is 29589550717 a composite number?
False
Is 42760800109 prime?
True
Is 5302377943 prime?
True
Is 33612963887 composite?
False
Is 557100629 a prime number?
True
Is 9375371549 prime?
True
Is 3992872099 a composite number?
False
Is 2688751789 prime?
True
Is 805717751 a prime number?
True
Is 12361254199 a composite number?
True
Is 67044583691 a composite number?
True
Is 20453594807 composite?
False
Is 130872945397 a composite number?
True
Is 2118588001 a composite number?
True
Is 12944474353 a composite number?
False
Is 1027729099 prime?
False
Is 3332311823 prime?
True
Is 291484169 composite?
True
Is 537781669 a composite number?
False
Is 150313619 a composite number?
False
Is 4175084561 a composite number?
True
Is 321681559 composite?
False
Is 182663206151 a composite number?
True
Is 11642893543 a prime number?
True
Is 28815811039 composite?
False
Is 9262473151 a composite number?
False
Is 35396994107 a prime number?
True
Is 411847367 composite?
True
Is 603067691 a prime number?
True
Is 2975530457 composite?
True
Is 589512347 a composite number?
False
Is 4187753849 a composite number?
False
Is 1293604849 a composite number?
False
Is 2212257893 composite?
False
Is 405618611 prime?
False
Is 6690386749 prime?
False
Is 5117496739 prime?
False
Is 10062149 prime?
True
Is 4944846469 a composite number?
False
Is 19882247579 a prime number?
True
Is 9818816641 prime?
True
Is 63133721195 composite?
True
Is 460072021 composite?
False
Is 3167077 a prime number?
False
Is 13181037379 composite?
True
Is 5192115791 a prime number?
True
Is 1073466629 composite?
False
Is 663600101 prime?
True
Is 1519422529 prime?
True
Is 2322971858 prime?
False
Is 787802591 composite?
True
Is 9939818329 a prime number?
False
Is 213632981 a prime number?
True
Is 274074235 composite?
True
Is 434647699 prime?
True
Is 89788109 composite?
True
Is 434669993 prime?
True
Is 34834799287 composite?
False
Is 225669049 a composite number?
True
Is 25432463827 prime?
True
Is 57122059333 prime?
False
Is 12445031803 prime?
True
Is 18080416147 prime?
False
Is 2018434369 a prime number?
False
Is 8135806447 a prime number?
True
Is 93995881979 prime?
True
Is 2549445473 a composite number?
False
Is 22102157729 prime?
False
Is 9032911 a composite number?
False
Is 2568017653 a composite number?
False
Is 123607161173 a composite number?
False
Is 227037454673 prime?
False
Is 2203431 a prime number?
False
Is 1998022049 prime?
True
Is 154381393231 composite?
True
Is 108285071 a prime number?
True
Is 15379825919 a prime number?
False
Is 3037022161 a composite number?
False
Is 10579521401 prime?
True
Is 86955222727 a prime number?
True
Is 34709669299 a composite number?
False
Is 3424817339 composite?
False
Is 51036555067 a prime number?
True
Is 272866151423 a prime number?
True
Is 244237327 prime?
False
Is 1033801513 a composite number?
False
Is 8969205979 prime?
True
Is 4506230083 a composite number?
False
Is 133610143543 a prime number?
True
Is 177153113 a composite number?
False
Is 14365579043 prime?
False
Is 60134108659 composite?
True
Is 91887449 a composite number?
False
Is 173637731 composite?
True
Is 707815421 a composite number?
False
Is 4975387579 prime?
False
Is 2205922853 composite?
True
Is 2072822597 composite?
True
Is 59281226597 a prime number?
False
Is 206117706629 composite?
True
Is 2535486287 composite?
False
Is 50841621359 a prime number?
True
Is 3767436019 a prime number?
False
Is 7631247251 composite?
False
Is 80140164107 a composite number?
False
Is 3252362231 composite?
True
Is 5881565119 a prime number?
False
Is 164578649 a composite number?
True
Is 13269035197 composite?
True
Is 372920393 a prime number?
True
Is 6199990553 composite?
False
Is 49067889631 a composite number?
False
Is 17281493 composite?
False
Is 241083565297 a composite number?
True
Is 3003437797 prime?
True
Is 92940791 a composite number?
True
Is 919186699 prime?
True
Is 50094197831 prime?
True
Is 5385199577 a prime number?
False
Is 48309854867 a prime number?
True
Is 325031509 a composite number?
True
Is 93367786129 a prime number?
True
Is 14841961291 a prime number?
False
Is 478525429 a composite number?
True
Is 25647478091 a prime number?
True
Is 59068958213 a composite number?
False
Is 1059943147 a prime number?
False
Is 52413912883 composite?
False
Is 895213499 composite?
True
Is 766457177 prime?
True
Is 78521984731 composite?
False
Is 15877394849 a composite number?
False
Is 300867011 prime?
False
Is 16762449331 a prime number?
True
Is 1916772503 a prime number?
True
Is 3303364241 prime?
False
Is 9040622239 a prime number?
False
Is 168894373 prime?
False
Is 6808523303 a prime number?
False
Is 3561263129 prime?
True
Is 1159236809 composite?
True
Is 97674863669 a prime number?
False
Is 770642687 prime?
False
Is 289041001 a prime number?
True
Is 6847825051 a prime number?
True
Is 3129521497 a prime number?
False
Is 10240880883 prime?
False
Is 348417493 a prime number?
False
Is 1564573187 composite?
False
Is 47759753729 composite?
False
Is 69076801931 prime?
False
Is 71037851 prime?
False
Is 3496934297 a prime number?
False
Is 10304485055 composite?
True
Is 8883443611 prime?
False
Is 1515014651 a composite number?
True
Is 11424888985 prime?
False
Is 6798845899 composite?
False
Is 5512449367 prime?
True
Is 174465251 composite?
False
Is 145682239 a composite number?
True
Is 33809920109 composite?
True
Is 362602151 a prime number?
False
Is 1393979857 a composite number?
True
Is 292210847 a composite number?
False
Is 893277631 prime?
False
Is 103093385513 prime?
True
Is 812768545 a prime number?
False
Is 80053449485 prime?
False
Is 9068325817 composite?
False
Is 4008475661 a prime number?
True
Is 91997487617 a composite number?
True
Is 252718489 prime?
True
Is 992448217 composite?
True
Is 7695697753 composite?
False
Is 169156093 prime?
False
Is 36636187 prime?
False
Is 2456853655 a prime number?
False
Is 4154281843 a composite number?
True
Is 9140363461 prime?
False
Is 505301519 a prime number?
False
Is 149512507 a composite number?
False
Is 1641623653 a composite number?
False
Is 3916131047 a composite number?
False
Is 742289333 composite?
False
Is 31953373379 a prime number?
True
Is 9504004157 a prime number?
False
Is 707115317 prime?
False
Is 16797376823 a composite number?
True
Is 3514176571 a composite number?
True
Is 145313534 composite?
True
Is 1502797423 composite?
True
Is 412192813 a composite number?
False
Is 66235207 prime?
True
Is 1335773003 composite?
False
Is 83568574649 composite?
True
Is 59921952979 a prime number?
False
Is 7506216587 prime?
True
Is 1136332933 composite?
True
Is 770478151 composite?
True
Is 2802775321 composite?
True
Is 13603786541 prime?
True
Is 1852876657 a composite number?
False
Is 2218710787 a composite number?
True
Is 62805732443 a prime number?
False
Is 24382641077 a prime number?
False
Is 158296927 a prime number?
False
Is 5486463637 a composite number?
True
Is 857402197 a composite number?
True
Is 92424281377 a prime number?
True
Is 233524807045 composite?
True
Is 378068269 composite?
False
Is 37048489553 prime?
False
Is 31632631283 a composite number?
True
Is 20147997781 prime?
True
Is 8162955191 a composite number?
False
Is 76516239127 prime?
False
Is 23076983741 prime?
False
Is 8209805557 a composite number?
False
Is 10941253693 a composite number?
True
Is 9916537229 a composite number?
False
Is 1207658819 prime?
False
Is 878961739 prime?
True
Is 34847348819 a prime number?
False
Is 544288517 a composite number?
False
Is 2707066387 prime?
True
Is 385599611 composite?
False
Is 127282211879 composite?
False
Is 137289925217 a prime number?
False
Is 3651748807 a composite number?
True
Is 24865884067 a composite number?
False
Is 7407938413 composite?
False
Is 49594019561 a prime number?
False
Is 9039486557 a prime number?
False
Is 3717564481 composite?
True
Is 140842349 a prime number?
True
Is 19479882377 a prime number?
True
Is 5734783391 composite?
False
Is 1996951337 composite?
False
Is 4229001761 a prime number?
True
Is 598666183 a composite number?
False
Is 13207271081 a prime number?
True
Is 12271138249 prime?
False
Is 277113283 composite?
False
Is 708719009 prime?
False
Is 11696730013 prime?
False
Is 14935458107 prime?
